 = -3*s + 17, s - 2*o + 1 = 0. Suppose 0 = 5*c - 3*a + a - 16, -s*a = -4*c + 6. Let j(q) = -2*q + 4. Calculate j(c).
-4
Let d(z) = -z**2 + 5*z + 7. Let f = 35 + -30. Give d(f).
7
Let n(y) = y. Let x(k) = -2*k - 1. Let r(m) = -3*n(m) - x(m). Suppose -3*q - 2 = 4*g, 8*q - 3*q = -2*g - 8. Let w be (0/(g - -2))/2. Determine r(w).
1
Let g be (-1)/((3/(-5))/3). Let v(l) be the first derivative of l**4/4 - 5*l**3/3 - l**2/2 - l - 26. Calculate v(g).
-6
Let c(j) be the second derivative of j**2 + 7*j + 1/3*j**3 + 0. What is c(4)?
10
Let w(b) = b - 3. Let f be w(8). Let o(j) = f*j**2 + 2*j - 3*j + j. Determine o(-1).
5
Let b(v) be the third derivative of 0*v + 0 - 1/20*v**5 - 1/3*v**3 + 4*v**2 - 1/8*v**4 - 1/120*v**6. Calculate b(-2).
0
Let w be 5 + 6 + -10 + -1 + -1. Let h(o) = 13*o. What is h(w)?
-13
Let t be (-2)/(-12) + (-34)/(-12). Let n(p) = -4 + 5 - 2 - t - p. Calculate n(-2).
-2
Let z = 3 + -1. Let n(v) = 0*v - 2 + v**2 + 0 + z*v. Determine n(-4).
6
Let p(c) be the third derivative of c**5/60 + c**4/4 + c**3 - 7*c**2. Determine p(-4).
-2
Let w(d) = d**3 - 3*d**2 + d + 3. Suppose -3*k - 6 = 0, 2*z + 1 = -2*k + 3. Calculate w(z).
6
Let i(s) be the first derivative of s**2/2 - 7*s + 2. What is i(0)?
-7
Let k(r) = 15*r**2 - 3*r - 16*r**2 - 5 + 2. What is k(-4)?
-7
Suppose 0 = 13*w - 3*w + 10. Let t(a) = 22*a**2 + 1. What is t(w)?
23
Let y = 17 + -12. Suppose 6*f - y = 5*f. Let a(q) = -q**3 + 5*q**2 - 7. Determine a(f).
-7
Let h(m) = -5*m + 3. Let b be 5/30 + ((-92)/(-24) - 0). Give h(b).
-17
Let a be (-1504)/(-224) + 4/14. Let k = -1 + 4. Let x(d) = k*d + 0*d - d**3 + 0*d + 3*d**2 - 2 + a. Calculate x(4).
1
Let z be 1*(2 - (2 + -5)). Let k(v) = -v**2 + 4*v + 7. What is k(z)?
2
Let i be 2/1*3/2. Suppose -d + 20 = 4*w, i*w + 3*d - 15 = 5*d. Let z(n) = -n**2 + 6*n + 6. Let h(y) = -1. Let s(r) = 6*h(r) + z(r). Determine s(w).
5
Let n(f) = -6*f - 2 - f**2 + 7*f + 1 - f**2. Give n(2).
-7
Let t(o) = -o**3 + 3*o**2 + 4*o + 9. Let k(z) = -z**2 - 1. Let x(w) = -6*k(w) - t(w). What is x(-4)?
-3
Let m(d) = -d**3 + d. Let o be m(1). Let a be (2 - 1)*o - -3. Let b(c) = c**3 - 5*c**2 + 4*c - 1. Give b(a).
-7
Suppose o - 9 = -6. Suppose 25 = o*k + 2*k. Let j(f) = -f**3 + 5*f**2 - 2*f + 4. Determine j(k).
-6
Suppose -4*a = 0, 4*r - 5*a = -0*r + 4. Let h be (-1)/(r + 1 + -3). Let z(c) = c**3 - h + 1 - 5*c + 3*c**2 - 1. Calculate z(-4).
3
Let x(o) be the second derivative of -o**3/6 + 4*o. Suppose -4*d = -2*d. Suppose -2*z - 3*i - 2 = -8, d = -3*z - 3*i + 3. Calculate x(z).
3
Suppose 13 = -4*l + 5. Let q be (0 + -3 + 2)*l. Let t(v) be the first derivative of -v**4/2 + v**3 - v**2/2 - v - 1. Calculate t(q).
-7
Let u(p) = p**2 - 8*p + 5. Let w be u(8). Let r = -2 + w. Let f(d) = -2*d - 4. Determine f(r).
-10
Let m(j) = 5*j - 5. Let i(r) = -9*r**2 - r. Let c be i(-1). Let f(x) = 5*x. Let q be f(-1). Let g(p) = -3*p + 3. Let u(t) = c*g(t) + q*m(t). Calculate u(3).
-2
Suppose 11*o - 30 = 5*o. Let b = -4 + 6. Let q(f) = 6 + f - b*f - o. Determine q(5).
-4
Let k(z) = 2*z + 18. Let n(w) = w + 9. Let x(q) = 2*k(q) - 5*n(q). Suppose 0 = g - 5*g. Determine x(g).
-9
Let x(u) = -u - 1. Let v(r) = 2*r**2 - 2*r + 2. Let g be v(3). Let n = g - 20. What is x(n)?
5
Suppose 6*q + 3*f = q - 71, -2*q - 36 = 5*f. Let r = q - -14. Let k(l) = l**2 + 2*l - 1. Calculate k(r).
2
Let g = 23 + -25. Let o(y) = -2 + y**3 + 2 + 3*y**2 - y. Determine o(g).
6
Let h(z) be the first derivative of 1/3*z**3 - 1/2*z**2 - 2*z + 6. Calculate h(-3).
10
Let l(j) = -6*j**3 + 5*j**2 - j - 3. Let b(u) = 7*u**3 - 5*u**2 + u + 4. Let z(r) = 5*b(r) + 6*l(r). Determine z(5).
-3
Let d(w) be the second derivative of -w + 1/2*w**2 + 0 - 1/6*w**3. Suppose 2*m + 8 = -2*n, -3*m + 2*n + 20 = -3*n. Determine d(m).
1
Let z be (6/4)/(6/8). Let x(h) = 5*h**2 + 2*h. Let m(p) = -6*p**2 - 3*p - 1. Let d(r) = -2*m(r) - 3*x(r). Give d(z).
-10
Let z(t) = 2*t - 8. Let k be z(4). Let o(m) = -m**2 - 6. Give o(k).
-6
Suppose -5*p = -7 - 3. Let j(z) = 2*z - 1 + 1. Calculate j(p).
4
Let q(h) = -h - 9. Let x be q(-4). Let a(f) = 11*f + 13. Let d(v) = -5*v - 6. Let u(g) = 6*a(g) + 13*d(g). What is u(x)?
-5
Let y(u) = u**3 - u - 1. Let o(m) = m**2 + 4*m - 3. Let r be o(-6). Let z(b) = b**3 - 9*b**2 - b + 7. Let c be z(r). Calculate y(c).
-7
Let f(i) = -i**2 - 2*i + 3. Let j = -22 - -17. What is f(j)?
-12
Suppose 0 = 7*l - 28. Let b(w) = 2*w - 3. Determine b(l).
5
Let d(a) = -a + 4. Let n be ((-2)/(-6))/((-2)/(-18)). Suppose 3*j + 2*v = 7*v + 4, -n*j + 6 = -3*v. Calculate d(j).
1
Let a(v) = -16*v + 15*v - 1 + 3. Determine a(6).
-4
Let t(d) be the first derivative of d**3/3 - 5*d**2/2 - 3*d + 1. Calculate t(6).
3
Let a(x) = -x**2 - 2*x + 3. Suppose -3 = -r + 3*z, 3*r - 4 = r + 5*z. Give a(r).
0
Suppose 3*d - 9 = -5*k + 21, 0 = -3*d - k + 18. Suppose 2*p + i + 4 = 0, 4 = -3*p - 2*i - 2. Let r = p + d. Let w(z) = -z**3 + 4*z**2 - 3*z + 3. What is w(r)?
3
Let c(l) = l. Suppose 3*s + 27 = 36. What is c(s)?
3
Let t(a) = -3*a**3 - a**2 + 4*a**3 - a + 0*a. Suppose f = -5*p - 3, 3*p - p - 2*f + 6 = 0. Calculate t(p).
-1
Suppose -12 = -3*s - r, 0*r = 5*s + r - 18. Let q(o) be the second derivative of 1/20*o**5 + 3/2*o**2 - 1/4*o**4 + 5*o - 1/2*o**3 + 0. What is q(s)?
-6
Let y(z) be the first derivative of -5 - 6*z - 1/2*z**2. Suppose 0*n - 2*n = k + 14, 20 = -5*k. Determine y(n).
-1
Suppose 2*b + 0*b = -2. Let p(a) = a**3 - a**2 - a. What is p(b)?
-1
Let c(b) = -13*b**3 - 4*b**2 + b + 3. Let x(a) = -20*a**3 - 6*a**2 + 2*a + 5. Let f(m) = 8*c(m) - 5*x(m). Calculate f(-1).
3
Suppose -g + 13 = -5*o, -1 = -2*g + o + 7. Let c(u) = u - 5 + g*u - 5*u. Determine c(-4).
-1
Let v(n) = -3*n - 1. Let i = -34 + 33. Give v(i).
2
Let i(z) = 4*z + 1. Let k(n) = -n**3 - 2*n**2 + n. Let g be k(-2). What is i(g)?
-7
Let d(v) = -2*v - 14. Let u be (-10)/(-3)*(5 + -8). Give d(u).
6
Let u(n) = 5*n + 3. Let x(m) = 2 + 10*m - 8*m + 0*m + 2*m. Let w(j) = -5*u(j) + 6*x(j). Let b = -2 + 5. Calculate w(b).
-6
Let z(p) = 5 - 5*p**2 + 10*p**2 + 0*p**3 - 2*p**3 + p**3 - 7*p. Give z(4).
-7
Let d(a) be the second derivative of -1/6*a**4 + 0 - a + 0*a**2 + 1/10*a**5 + 1/6*a**3. Calculate d(1).
1
Let b(i) = 6*i - 4. Let z be b(-5). Let c = -39 - z. Let n(x) be the first derivative of -x**4/4 - 5*x**3/3 + x**2/2 + 6*x + 1. Calculate n(c).
1
Let l(w) = 2*w + 11. Suppose -41 = -5*r - 11. Let a(f) = -f - 5. Let s = 25 + -12. Let c(i) = r*l(i) + s*a(i). Give c(4).
-3
Suppose -3*t - 20 = -14. Let a(u) = u**3 + 5*u**2 - 2. Determine a(t).
10
Suppose 0 = 3*p - 2*p + 2. Let s(v) be the second derivative of -2*v**3/3 - v**2/2 - 21*v. Give s(p).
7
Let g(y) be the first derivative of -y**2 - 11*y + 71. Give g(-10).
9
Let i(f) = -f**3 - f - 5. Let h be (-2)/(0 + -1) - 2. Let x be i(h). Let y(s) = 3*s + 3. Determine y(x).
-12
Let t(u) = -u + 14. Let r be t(13). Suppose 5*h - 7*o = -2*o + 20, 20 = -h - 5*o. Let c(q) = r - 3 + h*q - 2*q - 2*q**2. Calculate c(-2).
-6
Let i(j) = -7*j + 29. Let x(d) = 3*d - 14. Let g(k) = -2*i(k) - 5*x(k). Let f be g(8). Let p(u) = u**3 - 4*u**2 - 4. What is p(f)?
-4
Let q(j) = -4 - 115*j - 114*j + 228*j. Calculate q(5).
-9
Let u be 9*((-16)/(-6) + -2). Let b(l) = 2*l**3 - u*l**3 + 3*l**3 - 5 - l - 5. Calculate b(0).
-10
Let a(d) = -4*d**3 - d**2 + 8*d - 2. Let x(z) = 3*z**3 - 7*z + 2. Let r(g) = -2*a(g) - 3*x(g). Let l be r(3). Let w(i) = -i - 5. Calculate w(l).
-9
Let l be ((-2)/1 + 3)*3. Suppose 2*t + 2 = -0*c + 3*c, 4*c + 2 = 5*t. Let d(g) = 4*g - 3 + 3 + 0*g - g**t. What is d(l)?
3
Let t(p) = p - 6. Let f(w) = -3*w + 13. Let g(d) = 2*f(d) + 5*t(d). Calculate g(-6).
2
Let y(d) = 2*d - 2. Let i be y(2). Let w(a) = 2*a**3 - 2*a**2 + 2*a - 3. Determine w(i).
9
Let t(g) = -g**3 + 3*g**2 - 3*g - 2. Let a be t(2). Let j(m) = -m**3 - 5*m**2 - 3*m - 3. Give j(a).
-7
Let w be (15/6)/((-1)/(-2)). Let k(z) = -5*z + 1. Let h(c) = -14*c + 3. Let f = 22 + -39. Let a(u) = f*k(u) + 6*h(u). Give a(w).
6
Suppose -5*i = -4*x - x + 20, 22 = 2*i + 4*x. Suppose -2 = -r - 2*h - i, -4*r + h + 4 = 0. Let v = 0 + r. Let c(l) = -3*l - 1. Calculate c(v).
-4
Let u(k) = k**2 - 3 + 0*k**2 + 0*k**2 + 2*k. Let r = -27 + 24. Determine u(r).
0
Let z(i) be the first derivative of -6*i**2 + i + 7. Determine z(1).
-11
Let n(x) be the first derivative of x**3/3 - x - 7. What is n(3)?
8
Let y(r) = -5*r